= c**3 + 11*c**2 - 1041*c - 10512. Give o(-10).
-2
Let x(p) = p**3 + p**2 - 2*p + 2. Determine x(4).
74
Let d(i) = 3*i**2 - 282*i - 278. Determine d(95).
7
Let m(k) = 13482*k + 310092. What is m(-23)?
6
Let d(o) = -42*o - 167. Calculate d(-4).
1
Let i(s) = -s**3 - 57*s**2 - 531*s - 1150. Give i(-46).
0
Let c(m) = -m**3 - 20*m**2 + 46*m + 16. What is c(-22)?
-28
Let v(d) = -33*d + 465. Give v(15).
-30
Let a(k) = 2*k**2 - 27*k + 180. What is a(15)?
225
Let y(u) = -57*u**3 - 4*u**2 + 13*u + 15. Determine y(-1).
55
Let t(m) = -40*m**2 - 158*m + 2. Determine t(-4).
-6
Let k(s) = -3213*s - 6426. Determine k(-2).
0
Let p(j) = 30*j**3 - 2*j**2 - 2613*j + 2615. Calculate p(1).
30
Let t(f) = f**3 + 71*f**2 - 2*f - 128. What is t(-71)?
14
Let k(v) = v**3 - 83*v**2 - 168*v - 172. Determine k(85).
-2
Let k(v) = 2*v**3 - 5*v**2 - 11*v + 170. Calculate k(7).
534
Let g(u) = -u**3 + 20*u**2 - 6*u + 8. Give g(9).
845
Let q(y) = -52*y + 273. Determine q(6).
-39
Let q(i) = -i**2 - 34*i - 195. Calculate q(-27).
-6
Let h(y) = 117*y + 2838. Calculate h(-24).
30
Let x(t) = 97*t + 145. Determine x(-7).
-534
Let d(u) = 5*u**3 - 15*u**2 - 32*u + 46. Calculate d(4).
-2
Let n(r) = 139*r**2 - 33641*r + 726. Give n(242).
0
Let q(n) = -2*n**2 + 27*n - 120. Give q(8).
-32
Let s(l) = l**2 + 10*l + 29. Determine s(-13).
68
Let i(r) = -50*r - 1407. Give i(-26).
-107
Let f(b) = -b**3 - 19*b**2 - b - 13. Give f(-19).
6
Let s(f) = 47*f + 65. What is s(-2)?
-29
Let y(h) = h**3 - 20*h**2 - 17*h + 54. Give y(21).
138
Let v(m) = 7*m**2 + 6*m + 24. Determine v(6).
312
Let o(u) = 17*u + 31. Determine o(-2).
-3
Let h(q) = q**3 - 35*q**2 - 244*q - 86. Give h(41).
-4
Let l(x) = -9*x**2 + 70*x + 108. What is l(-2)?
-68
Let s(a) = -a**3 + 5*a**2 - 48*a + 237. Determine s(5).
-3
Let t(j) = 26*j**2 - 14*j - 14. What is t(-3)?
262
Let u(q) = 23*q - 306. What is u(13)?
-7
Let q(z) = -z**3 - 32*z**2 + 5*z + 46. Give q(-32).
-114
Let n(v) = -70*v + 39. Determine n(3).
-171
Let k(r) = r**3 - 14*r**2 - 29*r - 55. Calculate k(16).
-7
Let h(o) = 224*o - 653. Calculate h(3).
19
Let f(s) = 355*s - 4627. What is f(13)?
-12
Let x(p) = -2*p**2 + 70*p - 572. What is x(22)?
0
Let o(n) = -n**3 + 65*n - 44. Give o(-9).
100
Let d(m) = 43*m**3 + 6*m + 7. Calculate d(-1).
-42
Let y(f) = -4*f**2 - 6*f + 11. What is y(0)?
11
Let l(x) = x**2 + 94*x - 371. Calculate l(4).
21
Let u(y) = -8*y**3 + 19*y**2 - 77*y + 79. Determine u(3).
-197
Let a(x) = 2935*x - 17602. Give a(6).
8
Let f(a) = 343*a - 652. Calculate f(2).
34
Let l(z) = -488*z + 3977. Give l(8).
73
Let v(z) = z + 115. What is v(-123)?
-8
Let u(c) = -118*c - 401. Calculate u(-3).
-47
Let g(z) = 3*z**3 - 134*z**2 + 89*z - 31. Determine g(44).
13
Let w(s) = -s**2 - 14*s + 3804. Determine w(-69).
9
Let k(f) = 5*f**3 - 7*f**2 + 15*f - 43. Determine k(4).
225
Let b(a) = -3*a**3 + 10*a**2 - 16*a - 34. Give b(7).
-685
Let v(q) = -22*q + 32. Calculate v(-5).
142
Let q(x) = x**2 + 58*x + 674. What is q(-43)?
29
Let x(q) = q**3 + 54*q**2 + 9*q + 337. Calculate x(-54).
-149
Let l(y) = y**2 - 6*y - 794. What is l(36)?
286
Let v(m) = m**3 - 64*m**2 - 123*m - 221. Calculate v(66).
373
Let n(z) = -8*z**2 - 203*z - 87. What is n(-25)?
-12
Let t(w) = 2*w**3 + 59*w**2 + 282*w - 2. Determine t(-6).
-2
Let j(z) = 7*z**3 + 22*z**2 + 2*z + 33. Calculate j(-5).
-302
Let f(u) = -11*u + 557. Give f(45).
62
Let r(a) = -a**2 + 52*a - 379. Determine r(43).
8
Let l(j) = j**2 + 122*j - 753. Calculate l(6).
15
Let y(q) = q**2 - 452*q + 12652. Determine y(30).
-8
Let t(i) = -114*i**2 - 4565*i - 212. Calculate t(-40).
-12
Let r(a) = -522*a + 1064. Give r(2).
20
Let n(m) = -m**2 + 35*m - 143. What is n(5)?
7
Let d(z) = -z**3 - 12*z**2 + 25*z + 223. Give d(-6).
-143
Let g(j) = 28*j + 159. Calculate g(-6).
-9
Let m(f) = 2*f**2 + 35*f - 131. Calculate m(-20).
-31
Let t(j) = j**3 + 8*j**2 - 265*j - 2209. Give t(-9).
95
Let d(a) = a**3 - 13*a**2 - 37*a - 56. Calculate d(16).
120
Let t(h) = h**3 + 99*h**2 - 9*h + 34. Calculate t(-99).
925
Let i(y) = -3*y + 190. What is i(32)?
94
Let t(x) = -6*x**2 - 50*x - 91. What is t(-2)?
-15
Let f(r) = r**3 + 178*r**2 + 191*r + 2470. Determine f(-177).
-8
Let q(p) = -p**2 - 68*p - 808. Determine q(-21).
179
Let h(d) = 34*d - 314. Determine h(22).
434
Let d(h) = -342*h - 3083. What is d(-9)?
-5
Let f(n) = -91*n + 91. Calculate f(-4).
455
Let x(r) = -2*r**3 - 145*r**2 + 453*r - 7. Determine x(3).
-7
Let g(d) = 2*d + 105. Give g(25).
155
Let d(a) = -a**3 + 34*a**2 + 201*a - 233. Determine d(39).
1
Let m(r) = r + 35. What is m(0)?
35
Let n(h) = 57*h - 95. What is n(4)?
133
Let h(m) = 4*m**3 - 70*m**2 + 28*m + 108. Calculate h(17).
6
Let o(l) = -l**3 + 15*l**2 + 23*l + 46. Determine o(17).
-141
Let h(u) = u**2 + u - 20. Give h(12).
136
Let x(l) = -2*l**2 + 10*l + 439. Calculate x(18).
-29
Let z(o) = 18*o**2 + 191*o + 63. Determine z(-7).
-392
Let u(f) = 2032*f - 22353. Calculate u(11).
-1
Let s(f) = -13*f - 807. Give s(-59).
-40
Let l(o) = -4*o**2 + 5*o - 2. What is l(3)?
-23
Let g(o) = 115*o + 6. What is g(0)?
6
Let s(u) = -u**2 + 23*u + 453. Give s(-13).
-15
Let h(b) = -94*b + 1027. What is h(11)?
-7
Let g(t) = 29*t - 2521. Give g(87).
2
Let a(r) = 73*r + 1424. What is a(-19)?
37
Let k(n) = -n**3 + n**2 - 551*n + 1668. What is k(3)?
-3
Let b(w) = 523*w - 3149. What is b(6)?
-11
Let k(q) = -11*q**2 - 15*q + 37. Calculate k(-2).
23
Let c(y) = -34*y - 819. Calculate c(-24).
-3
Let f(w) = -161*w - 6918. Give f(-43).
5
Let k(t) = t**3 + 58*t**2 + 118*t + 105. Determine k(-56).
-231
Let r(z) = -z**3 - 13*z**2 - 16*z + 48. What is r(-10)?
-92
Let l(o) = 35*o - 2578. Give l(82).
292
Let u(b) = 11679*b + 70066. Calculate u(-6).
-8
Let o(d) = -327*d + 26800. Determine o(82).
-14
Let j(w) = -24*w**2 - 24*w + 2. Give j(-5).
-478
Let s(n) = -n**3 + 6*n**2 + 22*n - 39. What is s(9)?
-84
Let r(s) = s**3 + 5*s**2 - 6*s - 53. Calculate r(-4).
-13
Let i(s) = -3*s**2 - 24*s + 638. Calculate i(12).
-82
Let r(n) = -n**2 - 610*n + 3063. Determine r(5).
-12
Let i(p) = 4*p + 247. Calculate i(-24).
151
Let q(c) = -c**3 - 8*c**2 - 22*c - 244. What is q(-9)?
35
Let h(w) = -9*w**2 - 56*w + 267. Give h(5).
-238
Let o(k) = 2989*k - 14950. Calculate o(5).
-5
Let m(o) = -o**3 - o**2 + 184*o - 19. Give m(13).
7
Let h(k) = -3*k**2 - 44*k - 9. Determine h(-16).
-73
Let w(s) = 11*s + 101. Determine w(-2).
79
Let u(m) = m**3 - 25*m**2 - 37*m + 234. Give u(26).
-52
Let u(x) = -91*x - 16728. What is u(-185)?
107
Let k(t) = -2*t**3 + 6*t**2 + 8*t - 2. Calculate k(-2).
22
Let g(q) = 187*q - 1117. Calculate g(6).
5
Let k(w) = w**2 + 46*w + 436. Determine k(-30).
-44
Let m(y) = -232*y**3 + 11*y - 10. Calculate m(1).
-231
Let c(y) = 510*y - 4594. What is c(9)?
-4
Let u(p) = -58*p + 552. Give u(12).
-144
Let h(y) = 2*y**2 - 116*y - 241. Give h(60).
-1
Let q(m) = m**2 + 38*m - 40. Give q(-39).
-1
Let v(l) = -l**2 + 34*l - 152. What is v(28)?
16
Let i(z) = 14*z**2 - 98*z + 97. What is i(1)?
13
Let k(n) = 31*n + 231. What is k(-5)?
76
Let j(f) = f**3 + 14*f**2 - 13*f + 21. Calculate j(-15).
-9
Let d(k) = -2*k**3 + 3*k**2 + 24*k + 74. Give d(-3).
83
Let f(w) = -109*w**3 + 3*w**2 + 6*w + 4. Give f(-1).
110
Let q(s) = 2*s**3 + 30*s**2 + 8*s + 6. Give q(-15).
-114
Let t(i) = 451*i + 20. Determine t(0).
20
Let d(g) = 158*g**2 - 8*g + 8. Give d(1).
158
Let b(o) = 4*o**3 - 46*o**2 + 58*o + 245. Give b(4).
-3
Let x(p) = 35*p + 57. Determine x(-1).
22
Let d(o) = o**3 + 14*o**2 + 24*o - 37. Calculate d(-13).
-180
Let i(p) = 3*p - 51. Determine i(30).
39
Let x(v) = 19*v - 260. Calculate x(20).
120
Let v(s) = 3*s**2 - s. Give v(1).
2
Let o(c) = -c**3 - 163*c**2 + 498*c + 5. Give o(3).
5
Let o(m) = -m**3 + 27*m**2 - 70*m - 9. Give o(24).
39
Let q(r) = 1176*r + 12965. Calculate q(-11).
29
Let x(g) = 13*g + 2325. What is x(-179)?
-2
Let v(z) = -1855*z - 1864. Calculate v(-1).
-9
Let u(v) = 144*v + 151. Calculate u(-1).
7
Let u(l) = l**3 - 38*l**2 + 218*l - 2. Determine u(7).
5
Let v(g) = -42*g + 136. Determine v(3).
10
Let t(a) = -228*a + 2740. Calculate t(12).
4
Let w(c) = c**2 - 83*c + 1538. Determine w(32).
-94
Let c(l) = l**2 + 57*l + 834. Calculate c(-27).
24
Let k(d) = d**2 - 86*d - 469. Determine k(93).
182
Let o(l) = l**2 + 127*l + 2721. Give o(-100).
21
Let w(k) = -465*k - 97. Determine w(-1).
368
Let d(a) = 422*